 0*q + q = w. What is the greatest common divisor of t and q?
16
Let m = 4957 + -4332. What is the highest common factor of m and 575?
25
Suppose 4*x = 5*b - 8285, -5*b + 9075 = -3*x + 795. What is the greatest common divisor of b and 145?
29
Let c be 2/(-16) - -2*205/80. Suppose -c*a = -5*w - 9*a + 380, -2*a = -2*w + 134. What is the highest common divisor of w and 90?
18
Let r = 2 - -14. Suppose -4*g + 60 = 5*c, -3*c - 16 + 10 = -6*g. What is the greatest common factor of c and r?
8
Let i(p) = 75 + 48 + 47 + 2*p - 24. Let o be i(-6). Calculate the highest common factor of 335 and o.
67
Suppose 0 = 53*u + 14*u - 28073. Let n = -411 + u. What is the greatest common divisor of n and 328?
8
Let m = -84 + 87. Suppose 0 = -t - 0*t + m. Suppose -b - 4*x = 0, -b = -t*b - 5*x + 9. What is the greatest common factor of 6 and b?
6
Let z = 736 - -1202. Calculate the greatest common factor of z and 76.
38
Let m(q) = -5*q**3 + 22*q**2 + 157*q + 26. Let x be m(-13). Calculate the highest common divisor of x and 13.
13
Suppose -c - 2*c + 3840 = 0. Suppose 0 = 186*k - 190*k + c. What is the greatest common factor of k and 20?
20
Let u(o) = -o**2 + 13*o + 34. Let f be u(15). Suppose f*p = 4*m - 108, 0 = -m - m - 3*p + 39. What is the highest common divisor of m and 104?
8
Let t(w) = -4*w - 9. Let z be t(12). Let j = -67 - z. Let r be (31 - 16)/(-1*2/j). Calculate the greatest common divisor of r and 30.
15
Let z = 119 - 87. Let y = 35 - z. Suppose -52 + 292 = y*k. Calculate the highest common divisor of 16 and k.
16
Let c = 18620 + -15074. What is the greatest common factor of 90 and c?
18
Suppose -10*o = 2*o + 756. Let w = o + 168. Calculate the highest common divisor of 21 and w.
21
Let a = 13873 - 5177. What is the greatest common divisor of a and 8?
8
Let q(d) = 3*d**2 + 2*d - 3. Let y be q(2). Let o = -217722 + 218866. Calculate the greatest common factor of y and o.
13
Let l be 2/(((-4)/1744)/((-3)/12)) - -3. What is the greatest common divisor of 143 and l?
13
Suppose -34*t + 23*t - 9*t = -1360. What is the highest common factor of t and 2788?
68
Suppose 2*z - 164 = -2*z. Suppose -4*r + z = a, -2*a + 4*a - 2*r - 112 = 0. Suppose 4*y = 221 - a. What is the greatest common factor of y and 28?
14
Suppose 3*c + 3*w = 9, 13 = 5*c - w + 4*w. Let v(h) = 2*h**2 + 18*h + 56. Let l be v(-6). Suppose l*y - 17 = 3*y. What is the highest common factor of c and y?
1
Let y = 4383 - 4325. Calculate the greatest common factor of y and 2378.
58
Let r be 4/60*9*(-75)/(-5) - 3. Calculate the greatest common divisor of r and 1346.
2
Let n be -8 - (-5000 - 7*40/56). What is the highest common factor of 38 and n?
19
Suppose -2*m + 27 = g - 66, 0 = -2*m - 4*g + 90. Suppose m + 55 = 6*w. Calculate the greatest common divisor of 221 and w.
17
Suppose 0 = -p - 1, -2*a + p = 3*p + 18. Let d(z) = 14*z**2 + 9*z + 8. Let x be d(a). Suppose -8*u + x = -0*u. What is the highest common divisor of 26 and u?
26
Suppose 15655*n = 15662*n - 91. Calculate the greatest common factor of n and 3757.
13
Suppose 3 = 5*c - 3*y, -7*y + 3*y = 5*c - 31. Let u be ((-6)/(-4))/(15/270) + c. Let j be 32/(-6)*9/(-4). Calculate the highest common factor of u and j.
6
Let r be 88/22 + 1*2. Let n(g) = 3*g - 8. Let o be n(r). Suppose -303 = -5*h - 103. Calculate the highest common factor of o and h.
10
Let p(z) = -3*z - 7. Let w be p(-6). Suppose c + 40*m = 35*m + 67, 0 = 2*c - 2*m - 158. Calculate the greatest common divisor of w and c.
11
Let m(h) = -6*h**2 + 5*h**2 - 1 + 10*h - 6*h - 7. Let w be m(3). Let g be 4/((-16)/(-564)) + (-20)/w. What is the highest common factor of g and 29?
29
Let f(n) be the first derivative of 24*n**2 - 26*n - 63. Let d be f(1). What is the greatest common factor of 8 and d?
2
Suppose -3*h = -h - 10. Suppose 0 = -25*w + 16*w + 171. Suppose w - 17 = 2*z. What is the greatest common factor of z and h?
1
Let l be (-1)/(-9) + (-2880774)/(-2106). Calculate the highest common divisor of 504 and l.
72
Suppose -5*p = 3*m - 364, -m + p - 45 = -185. Calculate the highest common factor of m and 361.
19
Let a(l) = l**2 - 40*l - 227. Let z be a(46). What is the highest common divisor of 784 and z?
49
Let q(r) = -4*r**3 - 11*r**2 + 14*r + 53. Let z be q(-5). Calculate the greatest common factor of z and 182.
26
Let y be (11 - 9) + (19 - 17). Calculate the greatest common factor of 1354 and y.
2
Suppose -401*w - 14640 = -417*w. What is the greatest common divisor of w and 30?
15
Let l = -122 + 126. Let v(u) = 2 + 18*u**3 - 10*u - 17*u**3 + 0 - u**2. Let t be v(l). Calculate the highest common factor of t and 10.
10
Suppose 2*s - 1356 = -5*j - 2*s, -2*j + 5*s = -549. What is the highest common divisor of 496 and j?
16
Let q = 68 + 2. Suppose 0*u + 4*m = -u, 2*m = 3*u - q. Suppose -12*b - u = -13*b. What is the greatest common divisor of 220 and b?
20
Suppose 2*x - 195 = 1. Suppose 3*j + 2*d = 749, 0 = -j + 5*d + 7358 - 7148. Calculate the highest common divisor of x and j.
49
Suppose 8*j - 428 + 178 - 246 = 0. Calculate the greatest common divisor of 10602 and j.
62
Let k be (-535)/(-15) - (-1)/3. Let u = 48487 - 48442. What is the greatest common factor of k and u?
9
Let n(a) = -a**2 + 35*a + 129. Let x be n(37). Let q be (1 + (-13)/4)*-4. Let w = x - q. What is the highest common factor of w and 69?
23
Let j(v) = 1097*v - 928. Let i be j(4). Calculate the highest common factor of i and 20.
20
Let s = -2718 - -2745. Suppose -34*f = -39*f + 270. Calculate the highest common divisor of f and s.
27
Suppose 276*n - 280*n = -220. Let v = -15 + n. What is the greatest common factor of 380 and v?
20
Let b(k) = -11*k**2 - 21*k + 2. Let w be b(-2). Suppose 0 = -w*m - 2*m + 96. What is the highest common factor of m and 192?
48
Let t = -17 + 24. Suppose f = -292 - 174. Let q = 473 + f. What is the highest common factor of q and t?
7
Let f be -4*(-4)/24 + 152/(-3). Let l = 69 + f. Suppose -l*p + 6 = -16*p. Calculate the greatest common divisor of p and 16.
2
Let j be 0*((-15)/(-5))/3. Suppose 0 = -j*h - 2*h - 320. Let r = 240 + h. What is the greatest common divisor of 10 and r?
10
Suppose 2*s - 6*s = -3*j - 14, 6 = -s - 4*j. Let m be -1*(3 - 1/s*4). Let r be (-8)/(-24)*(-69)/m. Calculate the greatest common divisor of r and 23.
23
Let y = -1479 - -1594. What is the highest common divisor of y and 46?
23
Suppose -306*b = -609*b + 306*b - 126. What is the greatest common factor of b and 78?
6
Let l be (1228/12)/(1/6). Suppose 3*p + 2*k = 615, 4*p - 206 - l = 5*k. Let f(d) = 83*d - 167. Let y be f(3). What is the greatest common divisor of y and p?
41
Let j(f) = -f**2 - 7*f + 316. Let w be j(-19). Calculate the highest common divisor of w and 104.
8
Suppose -4*i - 4*p + 738 = -3946, p + 5861 = 5*i. Suppose i = 26*x - 492. What is the greatest common factor of x and 80?
16
Let q be 5/(70/(-84)) + 294. Calculate the highest common divisor of 648 and q.
72
Let f be (-1)/(6 - 1516/252). Let d = 334 + -229. What is the greatest common factor of d and f?
21
Let q = -3577 + 3589. What is the highest common divisor of 82 and q?
2
Let s be (9/(-18) + (0 - 4))*(71 - 107). What is the highest common factor of s and 5913?
81
Let d be 7*(1 + -2) + 9. Suppose -186 = -7*j + 2*j - d*y, -86 = -2*j + 5*y. Calculate the highest common divisor of 418 and j.
38
Suppose 5*t + 3*y - 17 + 2 = 0, 0 = -3*t + 4*y - 20. Suppose t = 4*x + 4*m - 224, 2*m = 4*x + 20 - 238. What is the highest common divisor of 22 and x?
11
Suppose 2571514 = 78*j + 101*j. Calculate the highest common divisor of j and 22.
22
Suppose 0 = -2*b - 3*c + 178, c - 84 = 2*b - 278. Let j = -89311 + 89316. Calculate the greatest common factor of b and j.
5
Suppose 27*t - 1886 = -1926 + 9328. Calculate the greatest common factor of t and 5117.
43
Suppose -w = -2*p + 239, -245 = 7*p - 9*p - 5*w. Suppose -15*o - p = -27*o. What is the highest common factor of o and 640?
10
Suppose -2*j + 174 = 5*d, j - 5*d + 11 = 53. What is the highest common factor of j and 5724?
36
Let g = 5180 - 4844. What is the greatest common divisor of 352 and g?
16
Suppose 5*a + 0*h = -3*h - 1005, -h + 985 = -5*a. Let j be (a/(-15))/((-12)/(-40)). Calculate the highest common divisor of 4 and j.
4
Suppose 0 = 100*v + 20*v - 1920. Calculate the highest common divisor of 2696 and v.
8
S